w + 5. Let r be g(11). Let p = r - 3. Let m(x) = 3*x - 6 - 6*x - 4*x**2 + 3*x**p - 3*x**2 + x**3. Calculate m(5).
4
Let r = 11 - 17. Let k = 35 - 36. Let d(c) = c**2 + c + 2. Let a(g) = -g. Let o(v) = k*d(v) + 5*a(v). Give o(r).
-2
Let n be 58/8 - (-5)/(-20). Let b(r) = r - 8. What is b(n)?
-1
Let x = 20 - 12. Let u(g) = 11*g - 26*g + 14*g - x. Calculate u(6).
-14
Let q(k) be the third derivative of k**4/24 - 11*k**3/2 - 233*k**2. Give q(36).
3
Let b(t) = -271 - 266 + 6*t - 3*t + 475. Determine b(22).
4
Let k(t) = -2*t - 1 - 3 + 16 + 6*t - 11. What is k(-2)?
-7
Let b(u) = 4*u - 1. Let n be 16/12 - 2/(-3). Suppose 4*p = 6*p - n. Give b(p).
3
Let o(m) = 20*m + 4. Suppose -5*k + 70*x - 67*x = 0, 2*k + 4 = 2*x. Calculate o(k).
64
Let w(i) be the second derivative of -i**5/20 + 17*i**4/12 + 3*i**3 + i**2 - i - 6. Give w(18).
2
Let u(z) = -3*z**2 - 38*z - 19. Let g(c) = 3*c**2 + 35*c + 18. Let h(x) = -3*g(x) - 2*u(x). Calculate h(-9).
2
Let x(n) = 3 + 2 - 4*n - 4. Let i = 15 - 13. What is x(i)?
-7
Let o be (-5 + 3)/(2/(-3)). Let m(c) = 4*c - 1 - c**2 - o*c + 2*c**2. Let q(p) = -p**3 - 3*p**2 + 11*p - 5. Let v be q(2). Calculate m(v).
5
Let p be 0 + 2 + (0 - 0). Let n(a) = 2*a**p + a**3 - 8*a**2 - 2*a + 1 + 3*a - 7. Suppose -15 - 27 = -7*i. What is n(i)?
0
Let s(r) = -1769 - 14*r - r + 17*r**2 - r**3 + 1760. Give s(16).
7
Let o(f) = f**3 + 5*f**2 - f + 1. Suppose 0 = 75*g - 87*g - 60. Determine o(g).
6
Let g = -9 + 10. Let x(y) = -6*y - 7. Let w(l) = -l - 1. Let f(b) = g*x(b) - 2*w(b). Let t be -2*-3*(-4)/6. Calculate f(t).
11
Let s(y) be the third derivative of y**6/120 - y**5/20 - y**4/6 + 2*y**3/3 - 278*y**2. Let h be (-3)/((6/(-8))/1). Calculate s(h).
4
Let x(k) = -7*k + 6. Suppose 0 = 11*i - 20*i + 45. What is x(i)?
-29
Let y(p) = -7 - 8 + 10*p + 5*p. Let a(u) = -7*u + 7. Let b(t) = -13*a(t) - 6*y(t). Calculate b(4).
3
Let c = -13 + 0. Let d = c - -18. Let n(p) = -248 + 752 - p - 249 - 248. What is n(d)?
2
Let c = -32 - -35. Let k = 3 - c. Let a(w) = 7*w**2 - 2*w - 5. Let r(f) = -4*f**2 + f + 3. Let h(z) = -3*a(z) - 5*r(z). Determine h(k).
0
Let r(m) = m**3 - 5*m**2 - 4*m - 1. Let b be r(6). Let a(h) = -23*h**2 - 3 + 1 + 24*h**2 - 11*h. Let u be a(b). Let w(g) = 3*g**2 - g - 1. Determine w(u).
13
Let q(x) = 0 - x - 2*x + 1. Determine q(-7).
22
Let n(q) be the second derivative of 0 + 5*q - 7/2*q**2 + 4/3*q**3 - 1/12*q**4. Let m = -6 + 12. Give n(m).
5
Let z be 0/(-3 + 5 + -1). Suppose -t + z + 3 = 0. Let y(u) = u. Calculate y(t).
3
Suppose 4*a = 4*o - 16, -4*a = o - 3*a - 6. Let y(z) = 24*z - 8 - 25*z + o. Give y(-3).
0
Let j(p) be the third derivative of 5*p**4/12 - 2*p**3/3 - p**2 - 119*p. Calculate j(3).
26
Let v = -10 + 6. Let n(l) be the third derivative of l**7/840 + l**6/120 + l**4/24 + 5*l**3/6 - 3*l**2. Let z(c) be the first derivative of n(c). What is z(v)?
-15
Let t(l) = 2*l**2 + 42*l + 7 - 90*l + 41*l. Determine t(5).
22
Let d = 6 - 8. Let g(j) = -23*j - 17. Let r(s) = -8*s - 6. Let u = -5 - 6. Let t(a) = u*r(a) + 4*g(a). Give t(d).
6
Let a(t) = 8*t + 1. Let v be a(-1). Let m(k) = -231*k**3 + 114*k**3 + 4*k - 2 + 118*k**3 + 8*k**2. Give m(v).
19
Let v(m) = 13*m**2 + m**3 + 3 + 5*m + 6*m**2 - 8 - 24*m**2. Let q be (12 - 2) + 0 + 2. Suppose -3*i = -0*i - q. Give v(i).
-1
Let x(v) = -6 + 12 - 2 - 11*v - 2. Let q(m) = m**3 - 3*m**2 + 4*m - 2. Let c be q(2). Determine x(c).
-20
Let u(r) = -1 + 4 + 210*r - 216*r. Determine u(3).
-15
Let d(n) be the second derivative of n**5/10 - n**4/4 + n + 10. Calculate d(2).
4
Let w = -3158 - -3166. Let u(t) = t**3 + 3 - 4*t**2 - 3*t**2 - t**2 - t. Give u(w).
-5
Let t(f) = f**3 + 7*f**2 + f + 9. Let r(h) = -6*h**2 - 1. Let v be r(1). Let g be t(v). Let c(b) = -4*b - 1. What is c(g)?
-9
Let f(z) = -z**3 + 8*z**2 + 5*z - 4. Let g(a) = 2*a**3 - 16*a**2 - 11*a + 6. Let r(q) = 7*f(q) + 3*g(q). What is r(8)?
6
Let t(h) = -3*h**2 + 2. Let w(z) = 21*z**2 - 2*z - 11. Let u(r) = -5*t(r) - w(r). What is u(-1)?
-7
Suppose k - 3*l = -21, 39 = -k + l + 28. Let b(x) = -x**2 - 6*x + 4. Give b(k).
4
Let u(x) be the third derivative of -x**6/120 - x**5/12 + 11*x**3/6 + 184*x**2. Calculate u(-5).
11
Let k(u) = u**3 - 5*u**2 + u + 1. Let s be 5 - 0*7*(-4)/(-84). Calculate k(s).
6
Suppose 15 = 5*t - 4*p, -5*t - 5*p + p + 55 = 0. Let b(l) = 4 - t*l**2 + l**3 - 6*l + 5*l**2 - l**2. Calculate b(4).
-4
Let x(o) = -3*o**3 + 4*o**2 - 3*o + 9. Let w(g) = 2*g**3 - 3*g**2 + 2*g - 6. Let r(q) = 8*w(q) + 5*x(q). Let s be 1*2 + 4/4. Determine r(s).
-9
Let q(n) be the third derivative of n**5/60 + 5*n**4/24 - 3*n**3/2 - 35*n**2 + 1. Determine q(2).
5
Let l(c) = -18*c**2 + c - 3 + 11 + 5 - 12. Calculate l(-1).
-18
Let l = -9 + 14. Let c = 31 + -28. Let j(y) = 0 + c + 111*y - 113*y. Calculate j(l).
-7
Suppose 0 = -y + 2*z - 18, 7 = -y - z - 2. Let x(f) = f**2 + 14*f + 29. Let k be x(y). Let u(p) = -p**3 + 4*p**2 + 8*p - 6. What is u(k)?
9
Let v(k) be the third derivative of k**6/120 + 7*k**5/60 + 5*k**4/24 + k**3/3 + 293*k**2 - 2. Give v(-5).
27
Let m be -2 - (1 - -4)*-1. Let r(v) = -2*v**2 - 21 + 13*v**m - 19 + 41. Suppose 4*o = -0*o + 4. What is r(o)?
12
Let p be (1/(-3))/((-1)/21). Let c(b) be the second derivative of 0 + 4*b**2 - 1/3*b**3 + 7*b. Determine c(p).
-6
Let v(a) = a**3 + 11*a**2 - 5*a - 8. Let z be 4*(1 + 0 - 0). Let p(k) = -3*k**3 - 32*k**2 + 14*k + 23. Let d(y) = z*p(y) + 11*v(y). Determine d(-7).
-3
Let x be 1 + 3 + -4 + 4. Let m(z) = -z + 5. Let t(h) = 3*h - 15. Let u(c) = -8*m(c) - 3*t(c). Give u(x).
1
Suppose -6*t - 7*t = -52. Let p(w) = 9*w + 4*w**2 - 25*w - w**3 + 17*w + 3. What is p(t)?
7
Let t(p) = -p**3 + 14*p**2 + 3. Let d = -36 - 27. Let l = d - -77. Calculate t(l).
3
Let x be -19 + 16 - (1 + -15). Let w(v) = -8*v - 3 - 4 + x*v. Give w(5).
8
Let m(n) = -n - 11. Let v(h) = h + 8. Let k(t) = -3*m(t) - 4*v(t). Determine k(6).
-5
Let y(l) be the second derivative of -l**8/6720 + l**7/504 + l**6/120 + l**5/120 + 7*l**4/6 - 16*l. Let i(n) be the third derivative of y(n). What is i(6)?
1
Let o(n) = -n**3 - 6*n**2 - 5*n - 1. Suppose -4*i - 3 - 5 = -4*r, -4*r = 4*i - 32. Let t be 1*i/(15/(-25)). Give o(t).
-1
Let n(x) = x**3 + 4*x**2 - 13*x - 3. Let b be n(-6). Let v(s) = -2*s + 4*s**2 - 3*s**2 - 2 + b*s + 0*s**2. Let o be 1/(2 - (-9)/(-6)). What is v(o)?
4
Let k = -9 - -5. Let y(i) = 6*i. Let c(p) = -7*p - 1. Let b(v) = k*c(v) - 5*y(v). Suppose 0 = -3*f - 7 + 22. Give b(f).
-6
Let p(v) = -v**2 + v + 1. Let i(k) = -4*k**2 + 13*k - 3. Let x(l) = -i(l) + 5*p(l). Suppose 0 = -572*a + 567*a - 40. What is x(a)?
8
Let r be (-1 - 6) + -1 + -2. Let x = 12 + r. Let t(d) = -1 - 34*d + 21*d + 2*d**2 + 16*d. What is t(x)?
13
Let r(z) = -446*z**2 + 8*z - 444*z**2 + 1340*z**2 - 451*z**2. Determine r(2).
12
Let q(i) be the second derivative of -i**6/30 + i**5/120 + 5*i**3/3 + 7*i. Let r(y) be the second derivative of q(y). What is r(1)?
-11
Suppose 37*q = 4 - 4. Let c(h) be the second derivative of -1/3*h**3 + 3*h + h**2 + q. Calculate c(3).
-4
Let b(o) be the third derivative of o**5/60 - 11*o**4/24 + 13*o**3/6 - 538*o**2. Suppose -4 - 29 = -3*h - n, 5*n + 11 = h. Determine b(h).
13
Let w(q) be the second derivative of -q**4/12 - 5*q**3/6 - q**2 - 94*q. Calculate w(-4).
2
Let i(t) = -11*t - 84. Let m be i(-7). Let g(o) = -4*o + 1. Let h(z) = -9*z + 3. Let p(q) = 7*g(q) - 3*h(q). Determine p(m).
5
Let m(k) = 3855 - 3846 - 4*k + 9*k. Determine m(-10).
-41
Let u(j) = -7 + 82*j - 176*j + 100*j. Determine u(2).
5
Let x(w) be the second derivative of -w**4/12 - 5*w**3/6 - 4*w**2 - 18*w. Suppose 3*a = -v + 5 - 24, 4*a + 4*v + 28 = 0. Give x(a).
-14
Let d(k) = 2*k - 6. Let p be d(4). Let u(o) = -2*o + p*o - 4*o + 3*o. What is u(5)?
-5
Suppose h = -z - 1, 2*h = z + 4*h + 4. Let g(o) = 4 + 13*o - 4*o + 110*o**2 - 109*o**z. Calculate g(-6).
-14
Suppose 95 = -26*s - 9. Let f(a) = a**3 + 3*a**2 - 5*a - 1. What is f(s)?
3
Suppose -2*c = -41 + 9. Suppose -12 + c = f. Let v(p) = p**3 - 5*p**2 + 3*p. Determine v(f).
-4
Let h = 34 - 32. Let p(v) = 8*v - 3 - v**2 - h*v - 2*v + v. Give p(3).
3
Let u = 63 - 40. Let f(i) = -u - 23 - 18 + 62 + i. Suppose 0 = -t - t + 2. What is f(t)?
-1
Let u be -3*(3/18)/((-2)/40). Let d be 82/8 - (-5)/(-20). Suppose -d = -3*x - r, -u = -4*x - r + 4. Let y(z) = -z - 1. Calculate y(x).
-5
Let n(c) be the third derivat